tive of -v**3/6 + 5*v**2/2 + 2*v - 675. Let m = 3 - 0. Suppose -4*w + 7 = -m*w. Give g(w).
-2
Let g(o) = -o**3 - 7*o + 17. Let m be g(0). Let f(a) = -a**3 + 15*a**2 + 32*a + 40. Determine f(m).
6
Let i(y) = -y + 12. Let f(u) = -u**2 - u. Let c be f(9). Let l be (-20)/c + (-148)/18. Let x be l/(-28) - (-4)/(-14). Calculate i(x).
12
Suppose r - b - 2 = -2*b, 5*r = -4*b + 9. Let a(j) = -11*j**3 - j**2 - 4*j + 4. What is a(r)?
-12
Let f(n) = 4*n - n - 1 + 5. Suppose 7*l - 44 + 107 = 49. What is f(l)?
-2
Let v(r) = r + 4. Let g be v(-3). Suppose -2*n - 9 = g. Let c(t) = 13*t - 2*t**3 + 7*t**2 + 186*t**2 + t**3 - 197*t**2 + 6 - 6*t. Determine c(n).
-4
Let o(m) = -945*m + 3785*m - 4 - 945*m - 945*m - 951*m. Let w = -11 - -11. Calculate o(w).
-4
Let s(t) = 3 - 10*t + 7*t - t**2 - 5. Suppose 0 = 3*o - z - 30, 0 = -3*o + 2*z + z + 30. Suppose o*j + 20 = 5*j. What is s(j)?
-6
Let c be ((27/2)/3)/(774/(-2064)). Let x(n) = n**2 + 4*n - 67. Give x(c).
29
Let r(n) be the second derivative of n**5/20 - n**4/3 - 5*n**3/6 - 7*n. Let q = 80 + -65. Suppose 2*y = 5*y - q. Determine r(y).
0
Let u(i) be the second derivative of -i**5/20 - i**4/3 + 7*i**3/6 + i**2/2 - 47*i - 41. What is u(2)?
-9
Suppose 3*z - 6 = -3. Let t = -115 + 117. Let j(v) = -331*v + 6*v**2 + t*v**2 + 330*v. What is j(z)?
7
Let n(t) = -t**3 + 7*t**2 - 6*t + 1. Let z(v) = -5*v + 41. Let c be z(9). Let a be c/(56/(-35))*2. What is n(a)?
21
Let h be (-29)/18*5 - 322/(-5796). Let u(s) = 3*s + 38. Determine u(h).
14
Suppose -2*t + 6*t - 36 = -4*m, -3*t - 2*m = -24. Let y(o) = o**2 - o - 8. Let q be y(t). Let s = q - 16. Let p(v) = 2*v - 4. Give p(s).
8
Suppose -3*l = l - 3*f - 85, -4*f + 64 = 4*l. Suppose l = 5*b - 26. Suppose 3*r - 12 - 6 = 4*s, -b = -3*r + s. Let p(z) = -z**3 - 2*z**2 - z + 1. Give p(r).
-17
Let l(i) = i**3 + 3*i**2 - 3*i + 3. Suppose 4*p + 24 = -2*m, 3*p - 5*m + 3*m + 18 = 0. Let k be ((-2)/p)/(-4*5/180). What is l(k)?
12
Let o(z) = -41*z + 3*z - 7 + 7 - 5. Let d(m) = 11*m + 2. Let y(p) = -7*d(p) - 2*o(p). Let a(g) = g**3 + 7*g**2 + 6*g - 6. Let r be a(-6). Give y(r).
2
Let y be (-26)/91 + (-130)/(-14). Let t(f) = -866*f + y - 3 - 5*f**2 + 865*f + f**3. Calculate t(5).
1
Let c(l) = -l**2 + 18*l - 19. Let g(d) = -12*d**2 - 101*d - 26. Let w be g(-8). Determine c(w).
37
Let u(k) = 7*k**2 + 72*k - 197. Let n(a) = -3*a**2 - 37*a + 97. Let y(h) = 5*n(h) + 2*u(h). What is y(-43)?
5
Let w(n) = n + 7. Let y(t) = t + 6. Let a(z) = z**2 - 36*z + 182. Let r be a(30). Let u = 5 - 8. Let g(x) = r*y(x) + u*w(x). Calculate g(-4).
-5
Let f = -320 - -443. Let s = f + -121. Let q(z) = -3*z + 1. Give q(s).
-5
Let m(b) = -3*b - 2. Suppose 144 = -8*z + 2664. Let x = -318 + z. Calculate m(x).
7
Let a(v) be the first derivative of v**3/3 - 4*v**2 - v + 1045. Let k = 1 - -6. Determine a(k).
-8
Let z be -6*(-1 - 2/(-4)). Let s(u) = -5*u + 16*u + 14 - 9*u - 19*u**2 - 16 + 18*u**2. Calculate s(z).
-5
Let q(j) = -11*j**3 + 14*j**2 + 18*j - 2. Let p(v) = -9*v**3 + 12*v**2 + 16*v - 1. Let h(b) = 6*p(b) - 5*q(b). Calculate h(-4).
-52
Let b(r) = -r + 12. Let v = -1350 + 1358. Give b(v).
4
Let k(x) be the first derivative of 8 - x**2 + 12 - 8*x + 10 + 7*x + 6*x**3. Let n = -1 + 0. What is k(n)?
19
Let b(p) = -23*p - 2. Let h(t) = -70*t - 5. Let g(r) = -8*b(r) + 3*h(r). Suppose -4*y - 40 = 4*x, 5*y - 3*y + 4*x + 38 = 0. Give g(y).
27
Suppose -154*s - 5*f - 16 = -153*s, 0 = -5*s + f + 24. Let u(w) be the second derivative of 1/12*w**s + 4/3*w**3 + 0 + 5/2*w**2 - 8*w. What is u(-7)?
-2
Let j = -10868 - -10883. Let o(c) = -c**3 + 16*c**2 - 18*c + 33. Give o(j).
-12
Let c = 154 - -72. Let g = c + -232. Let x(p) = -p**2 - 4*p + 12. Determine x(g).
0
Let c = 30 + -26. Let z = 2 + c. Let j(v) = z + 5 + 3*v - 15. Give j(3).
5
Let s(j) be the third derivative of -j**6/120 - j**5/20 + j**4/4 + 2*j**3/3 + 15077*j**2. Let c = -10 - -6. Give s(c).
-4
Let j be -17 + 15 - (1 - (-4)/1). Let g be (-3 + 3 + -3)*(j - -6). Let d(y) = 8*y**2 - 2*y**2 - 6*y**3 - 2*y**g - 4*y**2 - 2*y + 1. What is d(1)?
-7
Let n(g) = g**2 + g - 2. Let x be n(-2). Let o(p) = p**2 - 23*p + 18. Let d be o(24). Let q(j) = -d + j - 35 + 85. Give q(x).
8
Suppose 4*y - 8*y + 34 = 2*u, 2*u - 24 = -3*y. Let z(t) = t**2 - 10*t + 26. Determine z(y).
26
Let n(b) = 4*b + 6. Let f = -84 + 150. Let s = f - 69. Determine n(s).
-6
Let g(s) be the third derivative of -s**6/60 - 11*s**4/24 + 13*s**2. Let w(k) = k**3 + 5*k. Let j(n) = -4*g(n) - 9*w(n). What is j(1)?
-2
Let g be -15 - (-198)/(-126)*-7. Let b(h) = -14 + h + 0*h + 9. Calculate b(g).
-9
Let l(w) = 3*w**3 + 3*w**2 + 5*w + 2. Suppose -26*y + 4 = -24*y. Let j(h) = 10*h**3 + 8*h**2 + 16*h + 7. Let r(o) = y*j(o) - 7*l(o). Let z = 4 + -8. Give r(z).
-4
Let f = 11 + -4. Let m(k) = -17*k - 4. Let l(p) = -10*p - 3. Let a(j) = -5*l(j) + 3*m(j). Calculate a(f).
-4
Let v(h) = -h**3 - 8*h**2 - 8*h - 13. Suppose -3*l + 4*s = 15, 3*s - 19 = 3*l - 4. Determine v(l).
-48
Let o(f) = -2*f**2 + 6*f + 3. Let n(a) = a**3 + 49*a**2 - 5*a - 242. Let g be n(-49). Give o(g).
3
Let w be ((0/(-3))/(-2 + 1))/3. Suppose 4*i + 3 - 7 = w. Let b be (-3)/((i + (-3)/2)*-2). Let t(z) = z**3 + 2*z**2 - z - 1. Calculate t(b).
-7
Let j(c) be the first derivative of -17*c**3/3 + 2*c**2 + 3*c - 1990. What is j(-1)?
-18
Let g(a) = a**2 + 10*a - 5. Suppose 0 = 2*m - 4*m - u - 1, -m + 2 = -2*u. Suppose p + 0*n - n + 12 = m, -2 = -2*n. Calculate g(p).
6
Let f(t) be the second derivative of t**5/60 + t**4/12 - 5*t**3/6 - 61*t**2/2 - 28*t. Let d(m) be the first derivative of f(m). What is d(4)?
19
Suppose 0 = 41*j - 65*j. Let u(h) = -h**2 + 3*h - 20. Determine u(j).
-20
Let b(o) = o + 4. Let a(l) = -14*l + 42. Let y(r) = a(r) + 7*b(r). Calculate y(10).
0
Let v be -9 - 16 - -14 - -24. Let f(g) = -g**2 + 13*g + 29. Determine f(v).
29
Let v(p) = p**3 + p**2 - p + 35. Let c be (-4 - -1)/(2/20). Let u = c + 30. Calculate v(u).
35
Let z(f) = -308 - 6*f + 312 + 0*f**2 + 3*f**2 - 4*f**2. Give z(-8).
-12
Let x(n) = -71*n + 100. Let t(y) = -18*y + 25. Let h(m) = 13*t(m) - 3*x(m). Calculate h(1).
4
Suppose -22*r = -21*r - 1. Let b be (2 + -3 - -1) + r. Let i(h) = 1 + b + 3 + 3 - h. Calculate i(5).
3
Let h(n) = 5*n**2 + 14*n - 12. Suppose 0 = -4*u + 5*j + 5, -2*j - 15 = 4*u - 3*j. What is h(u)?
43
Let h(c) = c**2 - 3*c - 15. Suppose -155*j + 154*j = 5*q + 6, 5*j = -4*q + 33. What is h(q)?
3
Let c(j) = j**3 - 3*j**2 + 2*j - 6. Let p(w) = 395*w - 1183. Let d be p(3). What is c(d)?
-6
Let o(j) = -j**3 - 62 + 0*j**3 - 113*j**2 + 57*j + 20 + 119*j**2 + 19. What is o(11)?
-1
Let g(f) be the third derivative of 5*f**4/24 + 2*f**3/3 + 112*f**2 - f. Give g(1).
9
Let y(a) = 2*a - 13*a**2 + 4 + a**3 - 3*a + a + 17*a**2. Let u = 38 + -42. Calculate y(u).
4
Let q(k) = 15*k + 670. Let l be q(-44). Let y(n) = -2*n - 11. Give y(l).
-31
Let r(n) = n. Let a be (-2)/6*795/53. Give r(a).
-5
Let n(l) = 7*l**3 - 2*l**2 - l. Let v be n(-1). Let q be (4 + 2)*v/(-12). Let r(p) = 5*p - 3 - p**2 + 4 + 3*p - 4*p. Calculate r(q).
1
Let p(c) be the first derivative of 40*c**3/3 - 3*c**2/2 - 6*c - 6864. What is p(-1)?
37
Let r(y) be the third derivative of -y**5/60 - y**4/4 - y**3/2 + 1001*y**2 - 2*y + 1. Let m be 15/6*(1 - 3). Calculate r(m).
2
Let a(s) = 52*s - 309. Suppose -792 = -37*l - 95*l. Give a(l).
3
Let t(n) be the second derivative of n**5/20 - 4*n**4/3 + 17*n**3/6 - n**2/2 - n - 496. Determine t(15).
29
Let l = 0 - -11. Let a(v) = l*v - 15*v + 2*v**3 - v**3 + 9*v + 8*v**2 - 3. Calculate a(-7).
11
Let x(w) = 4*w**2 + w + 1. Let f(m) = -87*m - 53. Let o be f(-3). Let r = -210 + o. Determine x(r).
15
Suppose 4*w + 0 + 4 = -3*h, 5*w - 18 = 2*h. Let z be ((-9)/(-6))/(-1) + (-6)/h. Let s(j) = j + 0 + z*j + 13. Determine s(-9).
4
Let f = -915 - -917. Let k(i) = -43*i + 11. Give k(f).
-75
Let k = 1240 - 1229. Let t(v) = 6*v - 62. Determine t(k).
4
Let k(l) be the second derivative of l**5/20 + 5*l**4/12 + l**3/6 - 20861*l. Let a(o) = o**2 + 5*o - 1. Let t be a(-4). Determine k(t).
-5
Let i(b) = 14*b - 5*b + 1 - 11*b + 9*b**2 - 4*b. Let x(a) = -11*a**2 + 8*a - 1. Let s(k) = -5*i(k) - 4*x(k). Determine s(-4).
-9
Let a = 20 + -12. Let s be (a/(-2) + 1)/(-1). Let p(o) = o - s*o - 7*o**3 + 0 - 1. Determine p(-1).
8
Let g(p) = p**3 + 8*p**2 - 11*p - 17. Suppose 0 = -4*a - 5*i + 4*i + 20, 0 = 3*